the prime factors of 299558342.
2, 29, 5164799
List the prime factors of 78117585.
3, 5, 7, 13, 151, 379
List the prime factors of 6588545118.
2, 3, 317, 883, 3923
List the prime factors of 2602204160.
2, 5, 508243
What are the prime factors of 142223219?
41, 3468859
List the prime factors of 1583134401.
3, 17, 31041851
List the prime factors of 226645841.
23, 467, 21101
What are the prime factors of 63102049?
3529, 17881
List the prime factors of 7068954826.
2, 19, 23, 1229, 6581
What are the prime factors of 302374205?
5, 7, 8639263
What are the prime factors of 439536670?
2, 5, 23, 1911029
List the prime factors of 393226711.
17, 23130983
What are the prime factors of 16176347?
11, 1470577
What are the prime factors of 2062004632?
2, 29, 2081, 4271
List the prime factors of 13183530.
2, 3, 5, 19, 101, 229
List the prime factors of 1597102817.
19, 37, 47, 48337
What are the prime factors of 92476308?
2, 3, 53, 97, 1499
What are the prime factors of 130450371?
3, 19, 2288603
What are the prime factors of 1904937923?
7, 272133989
What are the prime factors of 5677422829?
13, 29, 173, 87049
List the prime factors of 13458285.
3, 5, 131, 761
List the prime factors of 10723865.
5, 23, 93251
What are the prime factors of 153283501?
7, 139, 263, 599
What are the prime factors of 53984946?
2, 3, 41, 219451
List the prime factors of 1028483636.
2, 257120909
What are the prime factors of 2603142110?
2, 5, 691, 376721
List the prime factors of 317423684.
2, 1979, 40099
List the prime factors of 73278384.
2, 3, 1526633
What are the prime factors of 211092281?
17, 12417193
List the prime factors of 668217009.
3, 1427, 156089
What are the prime factors of 266833857?
3, 3037, 29287
List the prime factors of 77395966.
2, 23, 1682521
List the prime factors of 2160695637.
3, 19, 137, 149, 619
List the prime factors of 2141068.
2, 83, 6449
List the prime factors of 3507810122.
2, 1753905061
What are the prime factors of 112904720?
2, 5, 73, 19333
What are the prime factors of 26359433?
41, 47, 13679
What are the prime factors of 323048179?
23, 31, 283, 1601
List the prime factors of 1000223019.
3, 617, 60041
List the prime factors of 57076950.
2, 3, 5, 7, 19, 2861
List the prime factors of 1322797712.
2, 23, 3594559
What are the prime factors of 485492726?
2, 41, 283, 20921
List the prime factors of 487226102.
2, 11, 83, 127, 191
List the prime factors of 31428548.
2, 7857137
What are the prime factors of 11225143?
19, 590797
What are the prime factors of 3054458390?
2, 5, 167, 1829017
What are the prime factors of 75091648?
2, 19, 37, 1669
List the prime factors of 27282801.
3, 7, 13, 37, 73
What are the prime factors of 3758612454?
2, 3, 29, 97, 74231
List the prime factors of 2778037495.
5, 443, 1254193
What are the prime factors of 312755617?
1459, 214363
List the prime factors of 860243835.
3, 5, 11, 211, 24709
What are the prime factors of 950039114?
2, 499, 951943
What are the prime factors of 32202255?
3, 5, 2146817
What are the prime factors of 101373024?
2, 3, 1055969
List the prime factors of 13381966.
2, 13, 19, 103, 263
List the prime factors of 46080330.
2, 3, 5, 1536011
What are the prime factors of 4186087144?
2, 19, 367, 75041
List the prime factors of 1200517022.
2, 37, 79, 205357
List the prime factors of 1301633567.
13, 100125659
List the prime factors of 72707586.
2, 3, 7, 31, 55843
List the prime factors of 52162062.
2, 3, 8693677
What are the prime factors of 617328966?
2, 3, 127, 433, 1871
What are the prime factors of 46938299?
5209, 9011
What are the prime factors of 104233134?
2, 3, 29, 353, 1697
List the prime factors of 288003867.
3, 96001289
What are the prime factors of 11794997?
11794997
What are the prime factors of 7202981376?
2, 3, 173683
What are the prime factors of 1622002?
2, 113, 7177
What are the prime factors of 239303779?
11, 13, 1673453
What are the prime factors of 42980841?
3, 1591883
List the prime factors of 1551500099.
3793, 409043
What are the prime factors of 143013659?
143013659
What are the prime factors of 238845839?
1319, 181081
What are the prime factors of 437785621?
7, 13, 239, 20129
List the prime factors of 962806742.
2, 31, 15529141
What are the prime factors of 1447029392?
2, 17, 631, 8431
What are the prime factors of 109327536?
2, 3, 97, 2609
What are the prime factors of 1663295889?
3, 554431963
What are the prime factors of 891918682?
2, 197, 2263753
What are the prime factors of 1276789779?
3, 141865531
List the prime factors of 7295062916.
2, 17, 1223, 87719
What are the prime factors of 17735586?
2, 3, 11, 268721
What are the prime factors of 75300032?
2, 37, 31799
What are the prime factors of 14481130?
2, 5, 97, 14929
What are the prime factors of 2569818288?
2, 3, 43, 1245067
What are the prime factors of 6827134942?
2, 23, 191, 647, 1201
What are the prime factors of 24055850?
2, 5, 7, 13, 17, 311
What are the prime factors of 2061614725?
5, 82464589
What are the prime factors of 212832722?
2, 41, 2595521
What are the prime factors of 52042645?
5, 31, 71, 4729
What are the prime factors of 641396325?
3, 5, 137, 62423
What are the prime factors of 89655221?
131, 257, 2663
What are the prime factors of 2691417?
3, 37, 24247
What are the prime factors of 171993433?
127, 223, 6073
List the prime factors of 2739169092.
2, 3, 11, 367, 56543
What are the prime factors of 37638523?
13, 67, 79, 547
List the prime factors of 1355219555.
5, 19, 1123, 12703
What are the prime factors of 154581774?
2, 3, 29, 877, 1013
What are the prime factors of 6794425192?
2, 849303149
What are the prime factors of 1636756625?
5, 7, 439, 4261
What are the prime factors of 38143786?
2, 19071893
List the prime factors of 139276759.
1031, 135089
What are the prime factors of 1001815?
5, 200363
What are the prime factors of 2124540026?
2, 7, 719, 211061
List the prime factors of 1787073524.
2, 17, 151, 269, 647
List the prime factors of 35199012.
2, 3, 31, 94621
List the prime factors of 21312315.
3, 5, 1949
List the prime factors of 492634016.
2, 7, 127, 17317
What are the prime factors of 732815339?
732815339
What are the prime factors of 279456058?
2, 7, 3301, 6047
List the prime factors of 107161485.
3, 5, 23, 383, 811
List the prime factors of 25924143.
3, 7, 433, 2851
What are the prime factors of 371348685?
3, 5, 23, 41, 2917
What are the prime factors of 602634326?
2, 7, 17, 29, 87313
What are the prime factors of 3393355856?
2, 11, 17, 1134143
What are the prime factors of 52914891?
3, 839, 21023
List the prime factors of 630310800.
2, 3, 5, 7, 75037
What are the prime factors of 23414516?
2, 929, 6301
List the prime factors of 211871966.
2, 2423, 43721
List the prime factors of 101044757.
11, 59, 155693
List the prime factors of 1012435892.
2, 13, 53, 367357
List the prime factors of 1397653965.
3, 5, 19, 1634683
What are the prime factors of 32911307?
11, 13, 230149
What are the prime factors of 189493420?
2, 5, 67, 141413
List the prime factors of 13491770.
2, 5, 1349177
What are the prime factors of 899727213?
3, 7, 11, 3894923
What are the prime factors of 1761787194?
2, 3, 293631199
What are the prime factors of 3928715?
5, 7, 112249
List the prime factors of 2647650568.
2, 113, 2928817
What are the prime factors of 11262199?
13, 281, 3083
List the prime factors of 103941394.
2, 29, 1792093
List the prime factors of 279818021.
7, 1999, 19997
List the prime factors of 3098327077.
16229, 190913
What are the prime factors of 241467567?
3, 11, 619, 11821
What are the prime factors of 62197549?
251, 247799
What are the prime factors of 898561120?
2, 5, 67, 109, 769
List the prime factors of 110806433.
23, 1709, 2819
List the prime factors of 93636505.
5, 29, 439, 1471
List the prime factors of 420434319.
3, 23, 53, 114967
List the prime factors of 186719841.
3, 7, 11, 61, 631
List the prime factors of 15275923.
13, 1175071
List the prime factors of 6459357741.
3, 2153119247
List the prime factors of 652744208.
2, 40796513
List the prime factors of 434559200.
2, 5, 29, 18731
What are the prime factors of 6385486084?
2, 1596371521
What are the prime factors of 339615023?
11, 30874093
What are the prime factors of 1747721644?
2, 436930411
List the prime factors of 1032341320.
2, 5, 17, 1518149
List the prim